{"id":1599,"date":"2024-08-03T09:30:14","date_gmt":"2024-08-03T09:30:14","guid":{"rendered":"https:\/\/matlitlab.uc.pt\/?post_type=event&#038;p=1599"},"modified":"2025-01-25T13:13:00","modified_gmt":"2025-01-25T13:13:00","slug":"reimaginar-a-escrita-academica","status":"publish","type":"event","link":"https:\/\/matlitlab.uc.pt\/en\/evento\/reimaginar-a-escrita-academica\/","title":{"rendered":"Reimaginar a Escrita Acad\u00e9mica"},"content":{"rendered":"\n<p class=\"has-drop-cap\">\u00abReimaginar a Escrita Acad\u00e9mica\u00bb \u00e9 uma s\u00e9rie de semin\u00e1rios on-line organizados pelo MATLIT LAB: Laborat\u00f3rio de Humanidades (<a href=\"https:\/\/matlitlab.uc.pt\/\">https:\/\/matlitlab.uc.pt\/<\/a>), do Centro de Literatura Portuguesa da Faculdade de Letras da Universidade de Coimbra. Os encontros buscam dar visibilidade e incentivar o debate sobre a escrita acad\u00e9mica. Para Aur\u00e9lien B\u00e9nel e Christophe Lejeune (2009), \u201ca subjetividade n\u00e3o implica falta de rigor cient\u00edfico; \u00e9 uma garantia do mesmo&#8221; (Humanities 2.0: documents, interpretation and intersubjectivity in the digital age). Deste modo, os palestrantes s\u00e3o convidados a pensar a objetividade e a subjetividade da escrita e sobre a diversidade dos processos de produ\u00e7\u00e3o do conhecimento no campo das Humanidades.<\/p>\n\n\n\n<p>A proposta lan\u00e7a algumas quest\u00f5es que, apesar de n\u00e3o encerrarem as possibilidades de reflex\u00e3o, oferecem um caminho aos palestrantes e participantes: \u00c9 inevit\u00e1vel a presen\u00e7a da subjetividade na produ\u00e7\u00e3o de conhecimento? Como a influ\u00eancia dos contextos pessoais, culturais e institucionais afetam a produ\u00e7\u00e3o de textos acad\u00e9micos? Quais s\u00e3o as implica\u00e7\u00f5es pedag\u00f3gicas da abordagem subjetiva na escrita acad\u00eamica? \u00c9 poss\u00edvel falar de uma po\u00e9tica da escrita acad\u00e9mica? Quais s\u00e3o as possibilidades criativas para reinventar a escrita acad\u00e9mica e quais s\u00e3o os eventuais benef\u00edcios disso? Qual \u00e9 o espa\u00e7o da criatividade na escrita quando a normaliza\u00e7\u00e3o \u00e9 essencial para a aceita\u00e7\u00e3o dos textos em revistas e institui\u00e7\u00f5es?<\/p>\n\n\n\n<p><strong><s>1. Semin\u00e1rio &#8220;Reimaginar a Escrita Acad\u00e9mica&#8221;, com Camila Rezende (24 de set.)<\/s><\/strong><\/p>\n\n\n\n<figure class=\"wp-block-image size-large\"><img loading=\"lazy\" decoding=\"async\" width=\"1024\" height=\"1024\" src=\"https:\/\/matlitlab.uc.pt\/wp-content\/uploads\/2024\/08\/ReimaginandoEscrita_Camila-1-1024x1024.jpg\" alt=\"\" class=\"wp-image-1612\" srcset=\"https:\/\/matlitlab.uc.pt\/wp-content\/uploads\/2024\/08\/ReimaginandoEscrita_Camila-1-1024x1024.jpg 1024w, https:\/\/matlitlab.uc.pt\/wp-content\/uploads\/2024\/08\/ReimaginandoEscrita_Camila-1-300x300.jpg 300w, https:\/\/matlitlab.uc.pt\/wp-content\/uploads\/2024\/08\/ReimaginandoEscrita_Camila-1-150x150.jpg 150w, https:\/\/matlitlab.uc.pt\/wp-content\/uploads\/2024\/08\/ReimaginandoEscrita_Camila-1-768x768.jpg 768w, https:\/\/matlitlab.uc.pt\/wp-content\/uploads\/2024\/08\/ReimaginandoEscrita_Camila-1-1536x1536.jpg 1536w, https:\/\/matlitlab.uc.pt\/wp-content\/uploads\/2024\/08\/ReimaginandoEscrita_Camila-1-2048x2048.jpg 2048w\" sizes=\"auto, (max-width: 1024px) 100vw, 1024px\" \/><\/figure>\n\n\n\n<p><strong><s>2. Semin\u00e1rio &#8220;Reimaginar a Escrita Acad\u00e9mica&#8221;, com Carolina Zuppo Abed (22 de out.)<\/s><\/strong><\/p>\n\n\n\n<figure class=\"wp-block-image size-large\"><img loading=\"lazy\" decoding=\"async\" width=\"1024\" height=\"1024\" src=\"https:\/\/matlitlab.uc.pt\/wp-content\/uploads\/2024\/08\/ReimaginandoEscrita_Carolina-1024x1024.jpg\" alt=\"\" class=\"wp-image-1618\" srcset=\"https:\/\/matlitlab.uc.pt\/wp-content\/uploads\/2024\/08\/ReimaginandoEscrita_Carolina-1024x1024.jpg 1024w, https:\/\/matlitlab.uc.pt\/wp-content\/uploads\/2024\/08\/ReimaginandoEscrita_Carolina-300x300.jpg 300w, https:\/\/matlitlab.uc.pt\/wp-content\/uploads\/2024\/08\/ReimaginandoEscrita_Carolina-150x150.jpg 150w, https:\/\/matlitlab.uc.pt\/wp-content\/uploads\/2024\/08\/ReimaginandoEscrita_Carolina-768x768.jpg 768w, https:\/\/matlitlab.uc.pt\/wp-content\/uploads\/2024\/08\/ReimaginandoEscrita_Carolina-1536x1536.jpg 1536w, https:\/\/matlitlab.uc.pt\/wp-content\/uploads\/2024\/08\/ReimaginandoEscrita_Carolina-2048x2048.jpg 2048w\" sizes=\"auto, (max-width: 1024px) 100vw, 1024px\" \/><\/figure>\n\n\n\n<p><strong><s>3. Semin\u00e1rio &#8220;Reimaginar a Escrita Acad\u00e9mica&#8221;, com Ana Sabino (26 de nov.)<\/s><\/strong><\/p>\n\n\n\n<figure class=\"wp-block-image size-large\"><img loading=\"lazy\" decoding=\"async\" width=\"1024\" height=\"1024\" src=\"https:\/\/matlitlab.uc.pt\/wp-content\/uploads\/2024\/08\/IMG_20241022_231829-1024x1024.jpg\" alt=\"\" class=\"wp-image-1623\" srcset=\"https:\/\/matlitlab.uc.pt\/wp-content\/uploads\/2024\/08\/IMG_20241022_231829-1024x1024.jpg 1024w, https:\/\/matlitlab.uc.pt\/wp-content\/uploads\/2024\/08\/IMG_20241022_231829-300x300.jpg 300w, https:\/\/matlitlab.uc.pt\/wp-content\/uploads\/2024\/08\/IMG_20241022_231829-150x150.jpg 150w, https:\/\/matlitlab.uc.pt\/wp-content\/uploads\/2024\/08\/IMG_20241022_231829-768x768.jpg 768w, https:\/\/matlitlab.uc.pt\/wp-content\/uploads\/2024\/08\/IMG_20241022_231829-1536x1536.jpg 1536w, https:\/\/matlitlab.uc.pt\/wp-content\/uploads\/2024\/08\/IMG_20241022_231829-2048x2048.jpg 2048w\" sizes=\"auto, (max-width: 1024px) 100vw, 1024px\" \/><\/figure>\n\n\n\n<p><strong><s>4. Semin\u00e1rio &#8220;Reimaginar a Escrita Acad\u00e9mica&#8221;, com Leonardo Villa-Forte (17 de dez.)<\/s><\/strong><\/p>\n\n\n\n<figure class=\"wp-block-image size-large\"><img loading=\"lazy\" decoding=\"async\" width=\"1024\" height=\"1024\" src=\"https:\/\/matlitlab.uc.pt\/wp-content\/uploads\/2024\/08\/ReimaginandoEscrita_Leonardo-1024x1024.jpg\" alt=\"\" class=\"wp-image-1679\" srcset=\"https:\/\/matlitlab.uc.pt\/wp-content\/uploads\/2024\/08\/ReimaginandoEscrita_Leonardo-1024x1024.jpg 1024w, https:\/\/matlitlab.uc.pt\/wp-content\/uploads\/2024\/08\/ReimaginandoEscrita_Leonardo-300x300.jpg 300w, https:\/\/matlitlab.uc.pt\/wp-content\/uploads\/2024\/08\/ReimaginandoEscrita_Leonardo-150x150.jpg 150w, https:\/\/matlitlab.uc.pt\/wp-content\/uploads\/2024\/08\/ReimaginandoEscrita_Leonardo-768x768.jpg 768w, https:\/\/matlitlab.uc.pt\/wp-content\/uploads\/2024\/08\/ReimaginandoEscrita_Leonardo.jpg 1500w\" sizes=\"auto, (max-width: 1024px) 100vw, 1024px\" \/><\/figure>\n\n\n\n<figure class=\"wp-block-image size-large\"><img loading=\"lazy\" decoding=\"async\" width=\"724\" height=\"1024\" src=\"https:\/\/matlitlab.uc.pt\/wp-content\/uploads\/2024\/08\/ReimaginarEscrita_todos2-724x1024.jpg\" alt=\"\" class=\"wp-image-1609\" srcset=\"https:\/\/matlitlab.uc.pt\/wp-content\/uploads\/2024\/08\/ReimaginarEscrita_todos2-724x1024.jpg 724w, https:\/\/matlitlab.uc.pt\/wp-content\/uploads\/2024\/08\/ReimaginarEscrita_todos2-212x300.jpg 212w, https:\/\/matlitlab.uc.pt\/wp-content\/uploads\/2024\/08\/ReimaginarEscrita_todos2-768x1086.jpg 768w, https:\/\/matlitlab.uc.pt\/wp-content\/uploads\/2024\/08\/ReimaginarEscrita_todos2-1086x1536.jpg 1086w, https:\/\/matlitlab.uc.pt\/wp-content\/uploads\/2024\/08\/ReimaginarEscrita_todos2-1448x2048.jpg 1448w, https:\/\/matlitlab.uc.pt\/wp-content\/uploads\/2024\/08\/ReimaginarEscrita_todos2-scaled.jpg 1810w\" sizes=\"auto, (max-width: 724px) 100vw, 724px\" \/><\/figure>\n","protected":false},"featured_media":1603,"template":"","categories":[],"tags":[144,142,145,141],"class_list":["post-1599","event","type-event","status-publish","has-post-thumbnail","hentry","tag-ana-sabino","tag-camila-rezende","tag-leonardo-villa-forte","tag-reimaginar-a-escrita-academica"],"acf":[],"_links":{"self":[{"href":"https:\/\/matlitlab.uc.pt\/en\/wp-json\/wp\/v2\/event\/1599","targetHints":{"allow":["GET"]}}],"collection":[{"href":"https:\/\/matlitlab.uc.pt\/en\/wp-json\/wp\/v2\/event"}],"about":[{"href":"https:\/\/matlitlab.uc.pt\/en\/wp-json\/wp\/v2\/types\/event"}],"wp:featuredmedia":[{"embeddable":true,"href":"https:\/\/matlitlab.uc.pt\/en\/wp-json\/wp\/v2\/media\/1603"}],"wp:attachment":[{"href":"https:\/\/matlitlab.uc.pt\/en\/wp-json\/wp\/v2\/media?parent=1599"}],"wp:term":[{"taxonomy":"category","embeddable":true,"href":"https:\/\/matlitlab.uc.pt\/en\/wp-json\/wp\/v2\/categories?post=1599"},{"taxonomy":"post_tag","embeddable":true,"href":"https:\/\/matlitlab.uc.pt\/en\/wp-json\/wp\/v2\/tags?post=1599"}],"curies":[{"name":"wp","href":"https:\/\/api.w.org\/{rel}","templated":true}]}}

Reimaginar a Escrita Académica

<p class="has-drop-cap">«Reimaginar a Escrita Académica» é uma série de seminários on-line organizados pelo MATLIT LAB: Laboratório de Humanidades (<a href="https://matlitlab.uc.pt/">https://matlitlab.uc.pt/</a>), do Centro de Literatura Portuguesa da Faculdade de Letras da Universidade de Coimbra. Os encontros buscam dar visibilidade e incentivar o debate sobre a escrita académica. Para Aurélien Bénel e Christophe Lejeune (2009), “a subjetividade não implica falta de rigor científico; é uma garantia do mesmo&#8221; (Humanities 2.0: documents, interpretation and intersubjectivity in the digital age). Deste modo, os palestrantes são convidados a pensar a objetividade e a subjetividade da escrita e sobre a diversidade dos processos de produção do conhecimento no campo das Humanidades.</p>



<p>A proposta lança algumas questões que, apesar de não encerrarem as possibilidades de reflexão, oferecem um caminho aos palestrantes e participantes: É inevitável a presença da subjetividade na produção de conhecimento? Como a influência dos contextos pessoais, culturais e institucionais afetam a produção de textos académicos? Quais são as implicações pedagógicas da abordagem subjetiva na escrita acadêmica? É possível falar de uma poética da escrita académica? Quais são as possibilidades criativas para reinventar a escrita académica e quais são os eventuais benefícios disso? Qual é o espaço da criatividade na escrita quando a normalização é essencial para a aceitação dos textos em revistas e instituições?</p>



<p><strong><s>1. Seminário &#8220;Reimaginar a Escrita Académica&#8221;, com Camila Rezende (24 de set.)</s></strong></p>



<figure class="wp-block-image size-large"><img loading="lazy" decoding="async" width="1024" height="1024" src="https://matlitlab.uc.pt/wp-content/uploads/2024/08/ReimaginandoEscrita_Camila-1-1024x1024.jpg" alt="" class="wp-image-1612" srcset="https://matlitlab.uc.pt/wp-content/uploads/2024/08/ReimaginandoEscrita_Camila-1-1024x1024.jpg 1024w, https://matlitlab.uc.pt/wp-content/uploads/2024/08/ReimaginandoEscrita_Camila-1-300x300.jpg 300w, https://matlitlab.uc.pt/wp-content/uploads/2024/08/ReimaginandoEscrita_Camila-1-150x150.jpg 150w, https://matlitlab.uc.pt/wp-content/uploads/2024/08/ReimaginandoEscrita_Camila-1-768x768.jpg 768w, https://matlitlab.uc.pt/wp-content/uploads/2024/08/ReimaginandoEscrita_Camila-1-1536x1536.jpg 1536w, https://matlitlab.uc.pt/wp-content/uploads/2024/08/ReimaginandoEscrita_Camila-1-2048x2048.jpg 2048w" sizes="auto, (max-width: 1024px) 100vw, 1024px" /></figure>



<p><strong><s>2. Seminário &#8220;Reimaginar a Escrita Académica&#8221;, com Carolina Zuppo Abed (22 de out.)</s></strong></p>



<figure class="wp-block-image size-large"><img loading="lazy" decoding="async" width="1024" height="1024" src="https://matlitlab.uc.pt/wp-content/uploads/2024/08/ReimaginandoEscrita_Carolina-1024x1024.jpg" alt="" class="wp-image-1618" srcset="https://matlitlab.uc.pt/wp-content/uploads/2024/08/ReimaginandoEscrita_Carolina-1024x1024.jpg 1024w, https://matlitlab.uc.pt/wp-content/uploads/2024/08/ReimaginandoEscrita_Carolina-300x300.jpg 300w, https://matlitlab.uc.pt/wp-content/uploads/2024/08/ReimaginandoEscrita_Carolina-150x150.jpg 150w, https://matlitlab.uc.pt/wp-content/uploads/2024/08/ReimaginandoEscrita_Carolina-768x768.jpg 768w, https://matlitlab.uc.pt/wp-content/uploads/2024/08/ReimaginandoEscrita_Carolina-1536x1536.jpg 1536w, https://matlitlab.uc.pt/wp-content/uploads/2024/08/ReimaginandoEscrita_Carolina-2048x2048.jpg 2048w" sizes="auto, (max-width: 1024px) 100vw, 1024px" /></figure>



<p><strong><s>3. Seminário &#8220;Reimaginar a Escrita Académica&#8221;, com Ana Sabino (26 de nov.)</s></strong></p>



<figure class="wp-block-image size-large"><img loading="lazy" decoding="async" width="1024" height="1024" src="https://matlitlab.uc.pt/wp-content/uploads/2024/08/IMG_20241022_231829-1024x1024.jpg" alt="" class="wp-image-1623" srcset="https://matlitlab.uc.pt/wp-content/uploads/2024/08/IMG_20241022_231829-1024x1024.jpg 1024w, https://matlitlab.uc.pt/wp-content/uploads/2024/08/IMG_20241022_231829-300x300.jpg 300w, https://matlitlab.uc.pt/wp-content/uploads/2024/08/IMG_20241022_231829-150x150.jpg 150w, https://matlitlab.uc.pt/wp-content/uploads/2024/08/IMG_20241022_231829-768x768.jpg 768w, https://matlitlab.uc.pt/wp-content/uploads/2024/08/IMG_20241022_231829-1536x1536.jpg 1536w, https://matlitlab.uc.pt/wp-content/uploads/2024/08/IMG_20241022_231829-2048x2048.jpg 2048w" sizes="auto, (max-width: 1024px) 100vw, 1024px" /></figure>



<p><strong><s>4. Seminário &#8220;Reimaginar a Escrita Académica&#8221;, com Leonardo Villa-Forte (17 de dez.)</s></strong></p>



<figure class="wp-block-image size-large"><img loading="lazy" decoding="async" width="1024" height="1024" src="https://matlitlab.uc.pt/wp-content/uploads/2024/08/ReimaginandoEscrita_Leonardo-1024x1024.jpg" alt="" class="wp-image-1679" srcset="https://matlitlab.uc.pt/wp-content/uploads/2024/08/ReimaginandoEscrita_Leonardo-1024x1024.jpg 1024w, https://matlitlab.uc.pt/wp-content/uploads/2024/08/ReimaginandoEscrita_Leonardo-300x300.jpg 300w, https://matlitlab.uc.pt/wp-content/uploads/2024/08/ReimaginandoEscrita_Leonardo-150x150.jpg 150w, https://matlitlab.uc.pt/wp-content/uploads/2024/08/ReimaginandoEscrita_Leonardo-768x768.jpg 768w, https://matlitlab.uc.pt/wp-content/uploads/2024/08/ReimaginandoEscrita_Leonardo.jpg 1500w" sizes="auto, (max-width: 1024px) 100vw, 1024px" /></figure>



<figure class="wp-block-image size-large"><img loading="lazy" decoding="async" width="724" height="1024" src="https://matlitlab.uc.pt/wp-content/uploads/2024/08/ReimaginarEscrita_todos2-724x1024.jpg" alt="" class="wp-image-1609" srcset="https://matlitlab.uc.pt/wp-content/uploads/2024/08/ReimaginarEscrita_todos2-724x1024.jpg 724w, https://matlitlab.uc.pt/wp-content/uploads/2024/08/ReimaginarEscrita_todos2-212x300.jpg 212w, https://matlitlab.uc.pt/wp-content/uploads/2024/08/ReimaginarEscrita_todos2-768x1086.jpg 768w, https://matlitlab.uc.pt/wp-content/uploads/2024/08/ReimaginarEscrita_todos2-1086x1536.jpg 1086w, https://matlitlab.uc.pt/wp-content/uploads/2024/08/ReimaginarEscrita_todos2-1448x2048.jpg 1448w, https://matlitlab.uc.pt/wp-content/uploads/2024/08/ReimaginarEscrita_todos2-scaled.jpg 1810w" sizes="auto, (max-width: 724px) 100vw, 724px" /></figure>
